 c = -78 - -65. Let b = c + 23. Calculate the remainder when 73 - 2/(b/15) is divided by 24.
22
Let k(f) = 36*f**2 + 22*f + 104. Calculate the remainder when k(-4) is divided by 293.
6
Suppose 45*m - 217 - 8 = 0. Suppose -m*y = 2*k - 24, 0*k = k + y - 12. What is the remainder when 53 is divided by k?
5
Let q(a) = -125*a - 6809. What is the remainder when 1079 is divided by q(-57)?
131
Suppose 6 = 2*p, -2*s + 3 - 22 = -3*p. Let k be (-38)/(-10) - ((-5)/s)/(-5). Let o = 39 + k. What is the remainder when o is divided by 22?
21
Suppose 58*k - 1142 = 4542. Let f = 14 - 8. What is the remainder when k is divided by f?
2
Let d(w) = 8*w**3 + 1. Suppose -3*c = 3*k - 6, 3*k - 4*c - 6 = -5*c. Let h be d(k). Suppose 5 = -3*r + h. Calculate the remainder when r is divided by 11.
9
Suppose 22*n + 37*n = 17*n + 2436. Calculate the remainder when 3933 is divided by n.
47
Suppose -l = -3*h + 24, -5*h - 217 = -4*l - 236. Calculate the remainder when -1*3*412/(-6) is divided by h.
8
Suppose -4*v - 3 = s, s = -0*s + 3*v + 4. Suppose -5*h = 2*d + 1 - 8, -3*h = -d - 2. What is the remainder when 23 is divided by (s/(-2))/(h/(-10))?
3
Suppose 4*l - 9*l - 5*v = -55, -5*v = 35. Let c(b) = -32*b. Calculate the remainder when c(-1) is divided by l.
14
Suppose -4*f - 4*f + 7*f = -14, -11*f = a - 241. Let k(u) = -10*u. What is the remainder when a is divided by k(-3)?
27
Let p(r) = -r**2 + 26*r - 89. Let y be p(5). Calculate the remainder when (-2)/y - (-12890)/80 is divided by 41.
38
Let o(z) = 7*z**2 + 11*z - 3. Let d(j) = 8*j**2 + 11*j - 4. Let n(c) = 6*d(c) - 7*o(c). Let v = 219 - 227. Calculate the remainder when 40 is divided by n(v).
19
Let t(p) = -p**3 - 46*p**2 - 97*p + 54. Let f be t(-44). Let a = 538 - f. What is the remainder when a is divided by 24?
16
Let i be (-1)/(5/(-8)*11/55). Suppose 2*s = -4*m + 10, -2*m + i = s + s. Suppose h + l = 3*l - m, 2*l - 10 = 0. What is the remainder when h is divided by 5?
4
Let i = 154 + -126. Let c(v) = -2*v - 8. Let x be c(-5). Suppose -3*p + 2*u + 505 = 0, u = -x*p - 3*u + 326. Calculate the remainder when p is divided by i.
27
Let a(m) = -m**2 + 13*m + 20. Let j be a(14). Let p(z) = z**3 - 6*z**2 + 5. Let n = -720 + 725. What is the remainder when p(j) is divided by n?
0
Let a = 34177 - 33725. What is the remainder when a is divided by 119?
95
Suppose -6 = -15*d + 24. Suppose 0 = -7*r + 3*r - 4*c + 204, -d*c - 82 = -2*r. Calculate the remainder when 179 is divided by r.
41
Let f(y) = 13*y**2 - 98*y - 66. What is the remainder when f(11) is divided by 16?
13
Suppose 2*k - 69*y = -64*y + 399, 4*y = -4*k + 728. What is the remainder when 6354 is divided by k?
183
Let w(b) = -b**2 - 8*b - 5. Let m = 1090 - 939. Suppose -469 = -6*x + 3*x - 4*j, -x - 4*j = -m. What is the remainder when x is divided by w(-5)?
9
Suppose -w - 104 = -3*k - 6, -2*w - 97 = -3*k. Let z(d) = 7*d - 414. Calculate the remainder when k is divided by z(61).
7
Let y(u) = -9*u + 210. Let d be y(16). Suppose -90 = d*a - 81*a. What is the remainder when 263 is divided by a?
5
Let w = -10050 - -10054. What is the remainder when 3756 is divided by w?
0
Suppose -5*h + 4*f + 107 + 44 = 0, 4*h + f = 146. What is the remainder when 224 is divided by h?
14
Suppose 0 = -10*a + 13*a - 3. Suppose 8*v + 1603 = 15*v. Calculate the remainder when v is divided by 1768/39 - ((-10)/6 + a).
45
Suppose 9*o = 1702 + 1259. Calculate the remainder when o is divided by 17.
6
Let k(c) = -7*c**3 + 15*c**2 + 14*c. Let j(b) = b**3 + 1. Let r(t) = -6*j(t) - k(t). What is the remainder when r(16) is divided by 3?
2
Let b be 4/(-8) - 63/18. What is the remainder when 14 is divided by b*(-3 + (-20)/(-8))?
0
Let q(k) = k**2 + 2*k - 2562. Calculate the remainder when 933 is divided by q(-52).
21
Let j = -1571 - -2162. What is the remainder when j is divided by 147?
3
Suppose -5*i + 318 = 292 - 284. What is the remainder when 4677 is divided by i?
27
Let u = 36 + -22. Calculate the remainder when (-5 - 11)*(-3 + (-1)/(-2)) is divided by u.
12
Suppose 7*f - 237 = 197. Suppose 69*d - 42 = f*d. Calculate the remainder when 16 is divided by d.
4
Suppose 10*y - 330 = 5*y. Let z be (140/21 + -6)*3. Suppose 19 = b + z. What is the remainder when y is divided by b?
15
Let l = -418 + 423. Suppose 4*i = 69 - l. Calculate the remainder when 44 is divided by i.
12
Let s be 80/42 + (-80)/(-840). Suppose s*z = -2*b + 586, 10*b + 2*z - 877 = 7*b. Calculate the remainder when b is divided by 59.
55
What is the remainder when (975/10)/(55/44) is divided by 8/(3 + 5/(-2))?
14
Let c = -137 - -201. Suppose -c = -3*z - 4*o, 5*o + 7 - 11 = z. Suppose 3*f = 5*f - 120. Calculate the remainder when f is divided by z.
12
Let x = 90 - 41. Suppose -1 = 16*a - 15*a, -4*g - 3 = -5*a. Calculate the remainder when x is divided by g/12 - (-4635)/270.
15
Suppose 0 = 29*c + 25*c - 34344. Calculate the remainder when 1286 is divided by c.
14
Let c = -407 + 217. Calculate the remainder when 20/c + (-1545)/(-57) is divided by 8.
3
Suppose 20 = -4*m, -6*c = -5*c + 4*m - 1519. Calculate the remainder when c is divided by 18.
9
Suppose 0 = -4*g + 297 + 99. Suppose 118*h = 117*h - 5*t + 59, 0 = -6*h - 3*t + 138. What is the remainder when g is divided by h?
4
Suppose -2*j + 66 = 60. Calculate the remainder when -72*5/(-10) - (-6 + j) is divided by 11.
6
Let r(u) = -48*u + 1. Let n be r(-1). Suppose n = i - 0*p - 2*p, -i = -4*p - 57. Suppose -146*c + 11356 = -470. What is the remainder when c is divided by i?
40
Let b(f) = -2*f**2 + 28*f - 36. Let y(r) = 10*r**2 - 112*r + 145. Let v(d) = 9*b(d) + 2*y(d). Calculate the remainder when v(-17) is divided by 23.
22
Let q(a) = 26*a + 181. Let l(h) = 25*h + 180. Let j(v) = -4*l(v) + 3*q(v). What is the remainder when 88 is divided by j(-10)?
2
Suppose -75*a = 23*a - 22540. What is the remainder when a is divided by 4?
2
Let v = 1067 - 1130. Suppose 3*l - 11 - 28 = 0. What is the remainder when l is divided by -1 + (-90)/v - (-55)/35?
1
Suppose 4*q - 1138 = -2*u, 3*q + 2*u - 5*u - 876 = 0. Calculate the remainder when 20374 is divided by q.
284
Suppose -68*h + 35*h = -363. Suppose 91 = 5*f + 3*g - 0*g, -4*f - g + 70 = 0. Calculate the remainder when f is divided by h.
6
Calculate the remainder when (-28)/14 + (-5634)/(-12) + (-3)/2 is divided by 94.
90
Let g(d) = -153 + 58 - 21*d + 72. What is the remainder when 69 is divided by g(-2)?
12
Let f(d) = -67*d - 10. Let y be f(-5). Suppose 0 = -0*v - v + w + 119, -5*w + y = 3*v. Let s = v - 52. What is the remainder when s is divided by 32?
31
What is the remainder when 432 is divided by 1 + 11 + (10 - 12) + -2?
0
Let d(n) = 11*n**2 + 2*n + 3. Suppose -5*s + 5*h + 85 = 0, -3*s + 23 = -4*h - 23. What is the remainder when d(-2) is divided by s?
21
Suppose 599*h = 577*h + 1144. Calculate the remainder when 361 is divided by h.
49
Let b(y) = -y**2 + 100*y - 321. What is the remainder when b(84) is divided by 41?
39
Let z = 0 - -19. Let h be (-4)/(-14) + (0 - 16/7). What is the remainder when 107 is divided by z - h - (-3)/(-1)?
17
Let i = 5138 + -5006. Calculate the remainder when 379 is divided by i.
115
Let o(p) = -p**3 - 19*p**2 - 125*p - 159. What is the remainder when o(-20) is divided by 196?
193
Let w(d) = -d**2 + 20*d - 74. What is the remainder when 157 is divided by w(14)?
7
Let g = -65 + 57. Let q be (-339)/(-6) - 12/g. Suppose q*i = 61*i - 90. Calculate the remainder when 119 is divided by i.
29
Let c(l) = 1. Let i(v) = -8*v**2 - 10*v. Let f(h) = 2*c(h) - i(h). What is the remainder when f(-3) is divided by (3 + 4 - 4)*3?
8
Let x = -4728 + 4748. Calculate the remainder when 1536 is divided by x.
16
Let p(b) = 8*b**2 + 16*b + 2. Let v be p(7). Suppose 5*q - v = -6*q. What is the remainder when q is divided by 37?
9
Let f(h) = -3*h**2 + 15*h - 1. Let p be f(5). Suppose -4 + 42 = 2*d. Let b = d - p. Calculate the remainder when 38 is divided by b.
18
Let r = -13 + 18. Suppose 0*u = -r*u + 180. Calculate the remainder when 104 is divided by u.
32
Let a = 21 - -1. What is the remainder when a is divided by 258/18 + -10*(11 - (-1956)/(-180))?
9
Let z = 74 - 37. Suppose 3*a + u = -7 + 108, -u = a - z. What is the remainder when ((-141)/(-6))/((-4)/(-16)) is divided by a?
30
Suppose -4*a = -i - 29, a - 3*a - 5*i = -9. Suppose x + 6 = -4